[INFO] cloning repository https://github.com/Jakender/medium-discord-bot
[INFO] running `Command { std: "git" "-c" "credential.helper=" "-c" "credential.helper=/workspace/cargo-home/bin/git-credential-null" "clone" "--bare" "https://github.com/Jakender/medium-discord-bot" "/workspace/cache/git-repos/https%3A%2F%2Fgithub.com%2FJakender%2Fmedium-discord-bot", kill_on_drop: false }`
[INFO] [stderr] Cloning into bare repository '/workspace/cache/git-repos/https%3A%2F%2Fgithub.com%2FJakender%2Fmedium-discord-bot'...
[INFO] running `Command { std: "git" "rev-parse" "HEAD", kill_on_drop: false }`
[INFO] [stdout] c0736f5f10dcaf7125496acc7035df6e62538c80
[INFO] checking Jakender/medium-discord-bot against master#af3c6e733a40e671550e0f0f5aeecaa13772ba56 for pr-74989
[INFO] running `Command { std: "git" "clone" "/workspace/cache/git-repos/https%3A%2F%2Fgithub.com%2FJakender%2Fmedium-discord-bot" "/workspace/builds/worker-7/source", kill_on_drop: false }`
[INFO] [stderr] Cloning into '/workspace/builds/worker-7/source'...
[INFO] [stderr] done.
[INFO] validating manifest of git repo https://github.com/Jakender/medium-discord-bot on toolchain af3c6e733a40e671550e0f0f5aeecaa13772ba56
[INFO] running `Command { std: "/workspace/cargo-home/bin/cargo" "+af3c6e733a40e671550e0f0f5aeecaa13772ba56" "read-manifest" "--manifest-path" "Cargo.toml", kill_on_drop: false }`
[INFO] started tweaking git repo https://github.com/Jakender/medium-discord-bot
[INFO] finished tweaking git repo https://github.com/Jakender/medium-discord-bot
[INFO] tweaked toml for git repo https://github.com/Jakender/medium-discord-bot written to /workspace/builds/worker-7/source/Cargo.toml
[INFO] crate git repo https://github.com/Jakender/medium-discord-bot already has a lockfile, it will not be regenerated
[INFO] running `Command { std: "/workspace/cargo-home/bin/cargo" "+af3c6e733a40e671550e0f0f5aeecaa13772ba56" "fetch" "--locked" "--manifest-path" "Cargo.toml", kill_on_drop: false }`
[INFO] running `Command { std: "docker" "create" "-v" "/var/lib/crater-agent-workspace/builds/worker-7/target:/opt/rustwide/target:rw,Z" "-v" "/var/lib/crater-agent-workspace/builds/worker-7/source:/opt/rustwide/workdir:ro,Z" "-v" "/var/lib/crater-agent-workspace/cargo-home:/opt/rustwide/cargo-home:ro,Z" "-v" "/var/lib/crater-agent-workspace/rustup-home:/opt/rustwide/rustup-home:ro,Z" "-e" "SOURCE_DIR=/opt/rustwide/workdir" "-e" "CARGO_TARGET_DIR=/opt/rustwide/target" "-e" "CARGO_HOME=/opt/rustwide/cargo-home" "-e" "RUSTUP_HOME=/opt/rustwide/rustup-home" "-w" "/opt/rustwide/workdir" "-m" "1610612736" "--user" "0:0" "--network" "none" "rustops/crates-build-env@sha256:d92eaeed33fa75130ca1ee6c8a01d1ffb62bac859dfdfb3450e3e5d1c0146529" "/opt/rustwide/cargo-home/bin/cargo" "+af3c6e733a40e671550e0f0f5aeecaa13772ba56" "metadata" "--no-deps" "--format-version=1", kill_on_drop: false }`
[INFO] [stderr] WARNING: Your kernel does not support swap limit capabilities or the cgroup is not mounted. Memory limited without swap.
[INFO] [stdout] 91e39f16005c1a5bfc2b2fab47ed7ae7fd4e8ceb5a45112e48878a47162bef5d
[INFO] running `Command { std: "docker" "start" "-a" "91e39f16005c1a5bfc2b2fab47ed7ae7fd4e8ceb5a45112e48878a47162bef5d", kill_on_drop: false }`
[INFO] running `Command { std: "docker" "inspect" "91e39f16005c1a5bfc2b2fab47ed7ae7fd4e8ceb5a45112e48878a47162bef5d", kill_on_drop: false }`
[INFO] running `Command { std: "docker" "rm" "-f" "91e39f16005c1a5bfc2b2fab47ed7ae7fd4e8ceb5a45112e48878a47162bef5d", kill_on_drop: false }`
[INFO] [stdout] 91e39f16005c1a5bfc2b2fab47ed7ae7fd4e8ceb5a45112e48878a47162bef5d
[INFO] running `Command { std: "docker" "create" "-v" "/var/lib/crater-agent-workspace/builds/worker-7/target:/opt/rustwide/target:rw,Z" "-v" "/var/lib/crater-agent-workspace/builds/worker-7/source:/opt/rustwide/workdir:ro,Z" "-v" "/var/lib/crater-agent-workspace/cargo-home:/opt/rustwide/cargo-home:ro,Z" "-v" "/var/lib/crater-agent-workspace/rustup-home:/opt/rustwide/rustup-home:ro,Z" "-e" "SOURCE_DIR=/opt/rustwide/workdir" "-e" "CARGO_TARGET_DIR=/opt/rustwide/target" "-e" "CARGO_INCREMENTAL=0" "-e" "RUST_BACKTRACE=full" "-e" "RUSTFLAGS=--cap-lints=forbid" "-e" "CARGO_HOME=/opt/rustwide/cargo-home" "-e" "RUSTUP_HOME=/opt/rustwide/rustup-home" "-w" "/opt/rustwide/workdir" "-m" "1610612736" "--user" "0:0" "--network" "none" "rustops/crates-build-env@sha256:d92eaeed33fa75130ca1ee6c8a01d1ffb62bac859dfdfb3450e3e5d1c0146529" "/opt/rustwide/cargo-home/bin/cargo" "+af3c6e733a40e671550e0f0f5aeecaa13772ba56" "check" "--frozen" "--all" "--all-targets" "--message-format=json", kill_on_drop: false }`
[INFO] [stderr] WARNING: Your kernel does not support swap limit capabilities or the cgroup is not mounted. Memory limited without swap.
[INFO] [stdout] 5ac43296c02e592cbd0333e9f05eeef79ad36e1ea2ca80260fc3a6f5ff4365e3
[INFO] running `Command { std: "docker" "start" "-a" "5ac43296c02e592cbd0333e9f05eeef79ad36e1ea2ca80260fc3a6f5ff4365e3", kill_on_drop: false }`
[INFO] [stderr]    Compiling libc v0.2.68
[INFO] [stderr]     Checking cfg-if v0.1.10
[INFO] [stderr]    Compiling proc-macro2 v1.0.9
[INFO] [stderr]    Compiling unicode-xid v0.2.0
[INFO] [stderr]    Compiling log v0.4.8
[INFO] [stderr]    Compiling syn v1.0.17
[INFO] [stderr]     Checking lazy_static v1.4.0
[INFO] [stderr]    Compiling autocfg v1.0.0
[INFO] [stderr]     Checking slab v0.4.2
[INFO] [stderr]    Compiling byteorder v1.3.4
[INFO] [stderr]     Checking untrusted v0.7.0
[INFO] [stderr]    Compiling proc-macro-nested v0.1.4
[INFO] [stderr]    Compiling crc32fast v1.2.0
[INFO] [stderr]    Compiling proc-macro-hack v0.5.14
[INFO] [stderr]     Checking arc-swap v0.4.5
[INFO] [stderr]    Compiling pkg-config v0.3.17
[INFO] [stderr]    Compiling serde v1.0.105
[INFO] [stderr]    Compiling getrandom v0.1.14
[INFO] [stderr]    Compiling maybe-uninit v2.0.0
[INFO] [stderr]    Compiling take_mut v0.2.2
[INFO] [stderr]    Compiling adler32 v1.0.4
[INFO] [stderr]     Checking scopeguard v1.1.0
[INFO] [stderr]    Compiling rle-decode-fast v1.0.1
[INFO] [stderr]    Compiling ryu v1.0.3
[INFO] [stderr]     Checking percent-encoding v2.1.0
[INFO] [stderr]     Checking ppv-lite86 v0.2.6
[INFO] [stderr]    Compiling bitflags v1.2.1
[INFO] [stderr]    Compiling serenity v0.8.0 (https://github.com/serenity-rs/serenity?branch=current#8bba7b02)
[INFO] [stderr]     Checking utf-8 v0.7.5
[INFO] [stderr]     Checking copyless v0.1.4
[INFO] [stderr]     Checking uwl v0.5.1
[INFO] [stderr]     Checking static_assertions v1.1.0
[INFO] [stderr]    Compiling ring v0.16.12
[INFO] [stderr]     Checking http v0.2.1
[INFO] [stderr]     Checking lock_api v0.3.3
[INFO] [stderr]     Checking miniz_oxide v0.3.6
[INFO] [stderr]     Checking unsafe-any v0.4.2
[INFO] [stderr]     Checking encoding_rs v0.8.22
[INFO] [stderr]    Compiling indexmap v1.3.2
[INFO] [stderr]    Compiling num-traits v0.2.11
[INFO] [stderr]    Compiling num-integer v0.1.42
[INFO] [stderr]     Checking typemap v0.3.3
[INFO] [stderr]    Compiling parking_lot_core v0.6.2
[INFO] [stderr]    Compiling parking_lot v0.9.0
[INFO] [stderr]     Checking url v2.1.1
[INFO] [stderr]    Compiling libflate v0.1.27
[INFO] [stderr]     Checking want v0.3.0
[INFO] [stderr]     Checking smallvec v0.6.13
[INFO] [stderr]    Compiling audiopus_sys v0.1.7
[INFO] [stderr]    Compiling xattr v0.2.2
[INFO] [stderr]    Compiling filetime v0.2.8
[INFO] [stderr]     Checking base64 v0.10.1
[INFO] [stderr]     Checking block-buffer v0.7.3
[INFO] [stderr]    Compiling quote v1.0.3
[INFO] [stderr]     Checking iovec v0.1.4
[INFO] [stderr]     Checking num_cpus v1.12.0
[INFO] [stderr]     Checking net2 v0.2.33
[INFO] [stderr]     Checking signal-hook-registry v1.2.0
[INFO] [stderr]     Checking time v0.1.42
[INFO] [stderr]     Checking parking_lot_core v0.7.0
[INFO] [stderr]     Checking flate2 v1.0.14
[INFO] [stderr]    Compiling tar v0.4.26
[INFO] [stderr]     Checking sha-1 v0.8.2
[INFO] [stderr]     Checking threadpool v1.7.1
[INFO] [stderr]     Checking bytes v0.4.12
[INFO] [stderr]     Checking rand_core v0.5.1
[INFO] [stderr]     Checking parking_lot v0.10.0
[INFO] [stderr]     Checking mio v0.6.21
[INFO] [stderr]     Checking audiopus v0.1.3
[INFO] [stderr]     Checking rand_chacha v0.2.2
[INFO] [stderr]     Checking input_buffer v0.2.0
[INFO] [stderr]     Checking http v0.1.21
[INFO] [stderr]     Checking rand v0.7.3
[INFO] [stderr]    Compiling libsodium-sys v0.2.5
[INFO] [stderr]     Checking mio-uds v0.6.7
[INFO] [stderr]     Checking tokio v0.2.13
[INFO] [stderr]     Checking http-body v0.3.1
[INFO] [stderr]     Checking webpki v0.21.2
[INFO] [stderr]     Checking sct v0.6.0
[INFO] [stderr]     Checking ct-logs v0.6.0
[INFO] [stderr]     Checking tungstenite v0.9.2
[INFO] [stderr]     Checking rustls v0.17.0
[INFO] [stderr]     Checking webpki-roots v0.18.0
[INFO] [stderr]     Checking rustls v0.16.0
[INFO] [stderr]     Checking tokio-util v0.2.0
[INFO] [stderr]     Checking rustls-native-certs v0.3.0
[INFO] [stderr]     Checking tokio-rustls v0.13.0
[INFO] [stderr]    Compiling futures-macro v0.3.4
[INFO] [stderr]    Compiling serde_derive v1.0.105
[INFO] [stderr]    Compiling pin-project-internal v0.4.8
[INFO] [stderr]    Compiling derive_more v0.99.5
[INFO] [stderr]    Compiling actix-macros v0.1.1
[INFO] [stderr]    Compiling command_attr v0.1.7 (https://github.com/serenity-rs/serenity?branch=current#8bba7b02)
[INFO] [stderr]     Checking futures-util v0.3.4
[INFO] [stderr]     Checking pin-project v0.4.8
[INFO] [stderr]     Checking h2 v0.2.3
[INFO] [stderr]     Checking futures-executor v0.3.4
[INFO] [stderr]     Checking futures v0.3.4
[INFO] [stderr]     Checking actix-threadpool v0.3.1
[INFO] [stderr]     Checking actix-rt v1.0.0
[INFO] [stderr]     Checking hyper v0.13.4
[INFO] [stderr]     Checking hyper-rustls v0.20.0
[INFO] [stderr]     Checking serde_urlencoded v0.6.1
[INFO] [stderr]     Checking serde_json v1.0.50
[INFO] [stderr]     Checking chrono v0.4.11
[INFO] [stderr]     Checking ron v0.5.1
[INFO] [stderr]     Checking reqwest v0.10.4
[INFO] [stderr]     Checking sodiumoxide v0.2.5
[INFO] [stderr]     Checking examplebot v0.1.0 (/opt/rustwide/workdir)
[INFO] [stdout] warning: unused imports: `CommandResult`, `StandardFramework`, `client::bridge::gateway::ShardManager`, `command`, `event::ResumedEvent`, `gateway::Ready`, `prelude::*`, `prelude::*`
[INFO] [stdout]   --> src/commands/dnd/mod.rs:6:3
[INFO] [stdout]    |
[INFO] [stdout] 6  |   client::bridge::gateway::ShardManager,
[INFO] [stdout]    |   ^^^^^^^^^^^^^^^^^^^^^^^^^^^^^^^^^^^^^
[INFO] [stdout] 7  |   framework::{
[INFO] [stdout] 8  |     StandardFramework,
[INFO] [stdout]    |     ^^^^^^^^^^^^^^^^^
[INFO] [stdout] 9  |     standard::{
[INFO] [stdout] 10 |       CommandResult,
[INFO] [stdout]    |       ^^^^^^^^^^^^^
[INFO] [stdout] 11 |       macros::{command, group}
[INFO] [stdout]    |                ^^^^^^^
[INFO] [stdout] ...
[INFO] [stdout] 15 |     event::ResumedEvent,
[INFO] [stdout]    |     ^^^^^^^^^^^^^^^^^^^
[INFO] [stdout] 16 |     gateway::Ready,
[INFO] [stdout]    |     ^^^^^^^^^^^^^^
[INFO] [stdout] 17 |     prelude::*,
[INFO] [stdout]    |     ^^^^^^^^^^
[INFO] [stdout] 18 |   },
[INFO] [stdout] 19 |   prelude::*,
[INFO] [stdout]    |   ^^^^^^^^^^
[INFO] [stdout]    |
[INFO] [stdout]    = note: `#[warn(unused_imports)]` on by default
[INFO] [stdout] 
[INFO] [stdout] 
[INFO] [stdout] warning: unused imports: `StandardFramework`, `client::bridge::gateway::ShardManager`, `event::ResumedEvent`, `gateway::Ready`, `group`
[INFO] [stdout]   --> src/commands/dnd/dice.rs:7:3
[INFO] [stdout]    |
[INFO] [stdout] 7  |   client::bridge::gateway::ShardManager,
[INFO] [stdout]    |   ^^^^^^^^^^^^^^^^^^^^^^^^^^^^^^^^^^^^^
[INFO] [stdout] 8  |   framework::{
[INFO] [stdout] 9  |     StandardFramework,
[INFO] [stdout]    |     ^^^^^^^^^^^^^^^^^
[INFO] [stdout] ...
[INFO] [stdout] 12 |       macros::{command, group},
[INFO] [stdout]    |                         ^^^^^
[INFO] [stdout] ...
[INFO] [stdout] 16 |     event::ResumedEvent,
[INFO] [stdout]    |     ^^^^^^^^^^^^^^^^^^^
[INFO] [stdout] 17 |     gateway::Ready,
[INFO] [stdout]    |     ^^^^^^^^^^^^^^
[INFO] [stdout] 
[INFO] [stdout] 
[INFO] [stdout] warning: unused imports: `StandardFramework`, `client::bridge::gateway::ShardManager`, `event::ResumedEvent`, `gateway::Ready`
[INFO] [stdout]   --> src/commands/general.rs:7:3
[INFO] [stdout]    |
[INFO] [stdout] 7  |   client::bridge::gateway::ShardManager,
[INFO] [stdout]    |   ^^^^^^^^^^^^^^^^^^^^^^^^^^^^^^^^^^^^^
[INFO] [stdout] 8  |   framework::{
[INFO] [stdout] 9  |     StandardFramework,
[INFO] [stdout]    |     ^^^^^^^^^^^^^^^^^
[INFO] [stdout] ...
[INFO] [stdout] 16 |     event::ResumedEvent,
[INFO] [stdout]    |     ^^^^^^^^^^^^^^^^^^^
[INFO] [stdout] 17 |     gateway::Ready,
[INFO] [stdout]    |     ^^^^^^^^^^^^^^
[INFO] [stdout] 
[INFO] [stdout] 
[INFO] [stdout] warning: unused imports: `CommandResult`, `StandardFramework`, `client::bridge::gateway::ShardManager`, `command`, `event::ResumedEvent`, `gateway::Ready`, `prelude::*`, `prelude::*`
[INFO] [stdout]   --> src/commands/math.rs:6:3
[INFO] [stdout]    |
[INFO] [stdout] 6  |   client::bridge::gateway::ShardManager,
[INFO] [stdout]    |   ^^^^^^^^^^^^^^^^^^^^^^^^^^^^^^^^^^^^^
[INFO] [stdout] 7  |   framework::{
[INFO] [stdout] 8  |     StandardFramework,
[INFO] [stdout]    |     ^^^^^^^^^^^^^^^^^
[INFO] [stdout] 9  |     standard::{
[INFO] [stdout] 10 |       CommandResult,
[INFO] [stdout]    |       ^^^^^^^^^^^^^
[INFO] [stdout] 11 |       macros::{command, group}
[INFO] [stdout]    |                ^^^^^^^
[INFO] [stdout] ...
[INFO] [stdout] 15 |     event::ResumedEvent,
[INFO] [stdout]    |     ^^^^^^^^^^^^^^^^^^^
[INFO] [stdout] 16 |     gateway::Ready,
[INFO] [stdout]    |     ^^^^^^^^^^^^^^
[INFO] [stdout] 17 |     prelude::*,
[INFO] [stdout]    |     ^^^^^^^^^^
[INFO] [stdout] 18 |   },
[INFO] [stdout] 19 |   prelude::*,
[INFO] [stdout]    |   ^^^^^^^^^^
[INFO] [stdout] 
[INFO] [stdout] 
[INFO] [stdout] warning: unused imports: `StandardFramework`, `client::bridge::gateway::ShardManager`, `event::ResumedEvent`, `gateway::Ready`
[INFO] [stdout]   --> src/commands/owner.rs:7:3
[INFO] [stdout]    |
[INFO] [stdout] 7  |   client::bridge::gateway::ShardManager,
[INFO] [stdout]    |   ^^^^^^^^^^^^^^^^^^^^^^^^^^^^^^^^^^^^^
[INFO] [stdout] 8  |   framework::{
[INFO] [stdout] 9  |     StandardFramework,
[INFO] [stdout]    |     ^^^^^^^^^^^^^^^^^
[INFO] [stdout] ...
[INFO] [stdout] 16 |     event::ResumedEvent,
[INFO] [stdout]    |     ^^^^^^^^^^^^^^^^^^^
[INFO] [stdout] 17 |     gateway::Ready,
[INFO] [stdout]    |     ^^^^^^^^^^^^^^
[INFO] [stdout] 
[INFO] [stdout] 
[INFO] [stdout] warning: unused import: `Read`
[INFO] [stdout]   --> src/core/config.rs:31:22
[INFO] [stdout]    |
[INFO] [stdout] 31 | use std::io::{Write, Read};
[INFO] [stdout]    |                      ^^^^
[INFO] [stdout] 
[INFO] [stdout] 
[INFO] [stdout] warning: unused imports: `collections::HashMap`, `iter::FromIterator`
[INFO] [stdout]   --> src/core/config.rs:33:11
[INFO] [stdout]    |
[INFO] [stdout] 33 | use std::{collections::HashMap, iter::FromIterator};
[INFO] [stdout]    |           ^^^^^^^^^^^^^^^^^^^^  ^^^^^^^^^^^^^^^^^^
[INFO] [stdout] 
[INFO] [stdout] 
[INFO] [stdout] warning: unused import: `Deserializer`
[INFO] [stdout]   --> src/core/config.rs:34:37
[INFO] [stdout]    |
[INFO] [stdout] 34 | use serde::{Serialize, Deserialize, Deserializer};
[INFO] [stdout]    |                                     ^^^^^^^^^^^^
[INFO] [stdout] 
[INFO] [stdout] 
[INFO] [stdout] warning: unused import: `rand::AsByteSliceMut`
[INFO] [stdout]   --> src/core/config.rs:36:5
[INFO] [stdout]    |
[INFO] [stdout] 36 | use rand::AsByteSliceMut;
[INFO] [stdout]    |     ^^^^^^^^^^^^^^^^^^^^
[INFO] [stdout] 
[INFO] [stdout] 
[INFO] [stdout] warning: unused import: `standard::macros::group`
[INFO] [stdout]   --> src/core/mod.rs:18:5
[INFO] [stdout]    |
[INFO] [stdout] 18 |     standard::macros::group,
[INFO] [stdout]    |     ^^^^^^^^^^^^^^^^^^^^^^^
[INFO] [stdout] 
[INFO] [stdout] 
[INFO] [stdout] warning: unused imports: `CommandResult`, `StandardFramework`, `client::bridge::gateway::ShardManager`, `command`, `event::ResumedEvent`, `gateway::Ready`, `prelude::*`, `prelude::*`
[INFO] [stdout]   --> src/commands/dnd/mod.rs:6:3
[INFO] [stdout]    |
[INFO] [stdout] 6  |   client::bridge::gateway::ShardManager,
[INFO] [stdout]    |   ^^^^^^^^^^^^^^^^^^^^^^^^^^^^^^^^^^^^^
[INFO] [stdout] 7  |   framework::{
[INFO] [stdout] 8  |     StandardFramework,
[INFO] [stdout]    |     ^^^^^^^^^^^^^^^^^
[INFO] [stdout] 9  |     standard::{
[INFO] [stdout] 10 |       CommandResult,
[INFO] [stdout]    |       ^^^^^^^^^^^^^
[INFO] [stdout] 11 |       macros::{command, group}
[INFO] [stdout]    |                ^^^^^^^
[INFO] [stdout] ...
[INFO] [stdout] 15 |     event::ResumedEvent,
[INFO] [stdout]    |     ^^^^^^^^^^^^^^^^^^^
[INFO] [stdout] 16 |     gateway::Ready,
[INFO] [stdout]    |     ^^^^^^^^^^^^^^
[INFO] [stdout] 17 |     prelude::*,
[INFO] [stdout]    |     ^^^^^^^^^^
[INFO] [stdout] 18 |   },
[INFO] [stdout] 19 |   prelude::*,
[INFO] [stdout]    |   ^^^^^^^^^^
[INFO] [stdout]    |
[INFO] [stdout]    = note: `#[warn(unused_imports)]` on by default
[INFO] [stdout] 
[INFO] [stdout] 
[INFO] [stdout] warning: unused imports: `StandardFramework`, `client::bridge::gateway::ShardManager`, `event::ResumedEvent`, `gateway::Ready`, `group`
[INFO] [stdout]   --> src/commands/dnd/dice.rs:7:3
[INFO] [stdout]    |
[INFO] [stdout] 7  |   client::bridge::gateway::ShardManager,
[INFO] [stdout]    |   ^^^^^^^^^^^^^^^^^^^^^^^^^^^^^^^^^^^^^
[INFO] [stdout] 8  |   framework::{
[INFO] [stdout] 9  |     StandardFramework,
[INFO] [stdout]    |     ^^^^^^^^^^^^^^^^^
[INFO] [stdout] ...
[INFO] [stdout] 12 |       macros::{command, group},
[INFO] [stdout]    |                         ^^^^^
[INFO] [stdout] ...
[INFO] [stdout] 16 |     event::ResumedEvent,
[INFO] [stdout]    |     ^^^^^^^^^^^^^^^^^^^
[INFO] [stdout] 17 |     gateway::Ready,
[INFO] [stdout]    |     ^^^^^^^^^^^^^^
[INFO] [stdout] 
[INFO] [stdout] 
[INFO] [stdout] warning: unused imports: `StandardFramework`, `client::bridge::gateway::ShardManager`, `event::ResumedEvent`, `gateway::Ready`
[INFO] [stdout]   --> src/commands/general.rs:7:3
[INFO] [stdout]    |
[INFO] [stdout] 7  |   client::bridge::gateway::ShardManager,
[INFO] [stdout]    |   ^^^^^^^^^^^^^^^^^^^^^^^^^^^^^^^^^^^^^
[INFO] [stdout] 8  |   framework::{
[INFO] [stdout] 9  |     StandardFramework,
[INFO] [stdout]    |     ^^^^^^^^^^^^^^^^^
[INFO] [stdout] ...
[INFO] [stdout] 16 |     event::ResumedEvent,
[INFO] [stdout]    |     ^^^^^^^^^^^^^^^^^^^
[INFO] [stdout] 17 |     gateway::Ready,
[INFO] [stdout]    |     ^^^^^^^^^^^^^^
[INFO] [stdout] 
[INFO] [stdout] 
[INFO] [stdout] warning: unused imports: `CommandResult`, `StandardFramework`, `client::bridge::gateway::ShardManager`, `command`, `event::ResumedEvent`, `gateway::Ready`, `prelude::*`, `prelude::*`
[INFO] [stdout]   --> src/commands/math.rs:6:3
[INFO] [stdout]    |
[INFO] [stdout] 6  |   client::bridge::gateway::ShardManager,
[INFO] [stdout]    |   ^^^^^^^^^^^^^^^^^^^^^^^^^^^^^^^^^^^^^
[INFO] [stdout] 7  |   framework::{
[INFO] [stdout] 8  |     StandardFramework,
[INFO] [stdout]    |     ^^^^^^^^^^^^^^^^^
[INFO] [stdout] 9  |     standard::{
[INFO] [stdout] 10 |       CommandResult,
[INFO] [stdout]    |       ^^^^^^^^^^^^^
[INFO] [stdout] 11 |       macros::{command, group}
[INFO] [stdout]    |                ^^^^^^^
[INFO] [stdout] ...
[INFO] [stdout] 15 |     event::ResumedEvent,
[INFO] [stdout]    |     ^^^^^^^^^^^^^^^^^^^
[INFO] [stdout] 16 |     gateway::Ready,
[INFO] [stdout]    |     ^^^^^^^^^^^^^^
[INFO] [stdout] 17 |     prelude::*,
[INFO] [stdout]    |     ^^^^^^^^^^
[INFO] [stdout] 18 |   },
[INFO] [stdout] 19 |   prelude::*,
[INFO] [stdout]    |   ^^^^^^^^^^
[INFO] [stdout] 
[INFO] [stdout] 
[INFO] [stdout] warning: unused imports: `StandardFramework`, `client::bridge::gateway::ShardManager`, `event::ResumedEvent`, `gateway::Ready`
[INFO] [stdout]   --> src/commands/owner.rs:7:3
[INFO] [stdout]    |
[INFO] [stdout] 7  |   client::bridge::gateway::ShardManager,
[INFO] [stdout]    |   ^^^^^^^^^^^^^^^^^^^^^^^^^^^^^^^^^^^^^
[INFO] [stdout] 8  |   framework::{
[INFO] [stdout] 9  |     StandardFramework,
[INFO] [stdout]    |     ^^^^^^^^^^^^^^^^^
[INFO] [stdout] ...
[INFO] [stdout] 16 |     event::ResumedEvent,
[INFO] [stdout]    |     ^^^^^^^^^^^^^^^^^^^
[INFO] [stdout] 17 |     gateway::Ready,
[INFO] [stdout]    |     ^^^^^^^^^^^^^^
[INFO] [stdout] 
[INFO] [stdout] 
[INFO] [stdout] warning: unused import: `Read`
[INFO] [stdout]   --> src/core/config.rs:31:22
[INFO] [stdout]    |
[INFO] [stdout] 31 | use std::io::{Write, Read};
[INFO] [stdout]    |                      ^^^^
[INFO] [stdout] 
[INFO] [stdout] 
[INFO] [stdout] warning: unused imports: `collections::HashMap`, `iter::FromIterator`
[INFO] [stdout]   --> src/core/config.rs:33:11
[INFO] [stdout]    |
[INFO] [stdout] 33 | use std::{collections::HashMap, iter::FromIterator};
[INFO] [stdout]    |           ^^^^^^^^^^^^^^^^^^^^  ^^^^^^^^^^^^^^^^^^
[INFO] [stdout] 
[INFO] [stdout] 
[INFO] [stdout] warning: unused import: `Deserializer`
[INFO] [stdout]   --> src/core/config.rs:34:37
[INFO] [stdout]    |
[INFO] [stdout] 34 | use serde::{Serialize, Deserialize, Deserializer};
[INFO] [stdout]    |                                     ^^^^^^^^^^^^
[INFO] [stdout] 
[INFO] [stdout] 
[INFO] [stdout] warning: unused import: `rand::AsByteSliceMut`
[INFO] [stdout]   --> src/core/config.rs:36:5
[INFO] [stdout]    |
[INFO] [stdout] 36 | use rand::AsByteSliceMut;
[INFO] [stdout]    |     ^^^^^^^^^^^^^^^^^^^^
[INFO] [stdout] 
[INFO] [stdout] 
[INFO] [stdout] warning: unused import: `standard::macros::group`
[INFO] [stdout]   --> src/core/mod.rs:18:5
[INFO] [stdout]    |
[INFO] [stdout] 18 |     standard::macros::group,
[INFO] [stdout]    |     ^^^^^^^^^^^^^^^^^^^^^^^
[INFO] [stdout] 
[INFO] [stdout] 
[INFO] [stdout] error[E0308]: mismatched types
[INFO] [stdout]   --> src/core/mod.rs:75:18
[INFO] [stdout]    |
[INFO] [stdout] 75 |     config::load(conf).await;
[INFO] [stdout]    |                  ^^^^
[INFO] [stdout]    |                  |
[INFO] [stdout]    |                  expected `&Config`, found struct `Config`
[INFO] [stdout]    |                  help: consider borrowing here: `&conf`
[INFO] [stdout] 
[INFO] [stdout] 
[INFO] [stdout] error[E0308]: mismatched types
[INFO] [stdout]   --> src/core/mod.rs:75:18
[INFO] [stdout]    |
[INFO] [stdout] 75 |     config::load(conf).await;
[INFO] [stdout]    |                  ^^^^
[INFO] [stdout]    |                  |
[INFO] [stdout]    |                  expected `&Config`, found struct `Config`
[INFO] [stdout]    |                  help: consider borrowing here: `&conf`
[INFO] [stdout] 
[INFO] [stdout] 
[INFO] [stdout] error[E0277]: the trait bound `for<'de> &Config: Deserialize<'de>` is not satisfied
[INFO] [stdout]    --> src/core/config.rs:120:9
[INFO] [stdout]     |
[INFO] [stdout] 120 |   cfg = ron::de::from_reader(fi).expect("Failed to deserialize configuration!");
[INFO] [stdout]     |         ^^^^^^^^^^^^^^^^^^^^ the trait `for<'de> Deserialize<'de>` is not implemented for `&Config`
[INFO] [stdout]     | 
[INFO] [stdout]    ::: /opt/rustwide/cargo-home/registry/src/github.com-1ecc6299db9ec823/ron-0.5.1/src/de/mod.rs:46:8
[INFO] [stdout]     |
[INFO] [stdout] 46  |     T: de::DeserializeOwned,
[INFO] [stdout]     |        -------------------- required by this bound in `from_reader`
[INFO] [stdout]     |
[INFO] [stdout]     = help: the following implementations were found:
[INFO] [stdout]               <Config as Deserialize<'static>>
[INFO] [stdout]     = note: required because of the requirements on the impl of `DeserializeOwned` for `&Config`
[INFO] [stdout] 
[INFO] [stdout] 
[INFO] [stdout] error: aborting due to 2 previous errors; 10 warnings emitted
[INFO] [stdout] 
[INFO] [stdout] 
[INFO] [stdout] Some errors have detailed explanations: E0277, E0308.
[INFO] [stdout] 
[INFO] [stdout] For more information about an error, try `rustc --explain E0277`.
[INFO] [stdout] 
[INFO] [stderr] error: could not compile `examplebot`.
[INFO] [stderr] 
[INFO] [stderr] To learn more, run the command again with --verbose.
[INFO] [stderr] warning: build failed, waiting for other jobs to finish...
[INFO] [stdout] error[E0277]: the trait bound `for<'de> &Config: Deserialize<'de>` is not satisfied
[INFO] [stdout]    --> src/core/config.rs:120:9
[INFO] [stdout]     |
[INFO] [stdout] 120 |   cfg = ron::de::from_reader(fi).expect("Failed to deserialize configuration!");
[INFO] [stdout]     |         ^^^^^^^^^^^^^^^^^^^^ the trait `for<'de> Deserialize<'de>` is not implemented for `&Config`
[INFO] [stdout]     | 
[INFO] [stdout]    ::: /opt/rustwide/cargo-home/registry/src/github.com-1ecc6299db9ec823/ron-0.5.1/src/de/mod.rs:46:8
[INFO] [stdout]     |
[INFO] [stdout] 46  |     T: de::DeserializeOwned,
[INFO] [stdout]     |        -------------------- required by this bound in `from_reader`
[INFO] [stdout]     |
[INFO] [stdout]     = help: the following implementations were found:
[INFO] [stdout]               <Config as Deserialize<'static>>
[INFO] [stdout]     = note: required because of the requirements on the impl of `DeserializeOwned` for `&Config`
[INFO] [stdout] 
[INFO] [stdout] 
[INFO] [stdout] error: aborting due to 2 previous errors; 10 warnings emitted
[INFO] [stdout] 
[INFO] [stdout] 
[INFO] [stdout] Some errors have detailed explanations: E0277, E0308.
[INFO] [stdout] 
[INFO] [stdout] For more information about an error, try `rustc --explain E0277`.
[INFO] [stdout] 
[INFO] [stderr] error: build failed
[INFO] running `Command { std: "docker" "inspect" "5ac43296c02e592cbd0333e9f05eeef79ad36e1ea2ca80260fc3a6f5ff4365e3", kill_on_drop: false }`
[INFO] running `Command { std: "docker" "rm" "-f" "5ac43296c02e592cbd0333e9f05eeef79ad36e1ea2ca80260fc3a6f5ff4365e3", kill_on_drop: false }`
[INFO] [stdout] 5ac43296c02e592cbd0333e9f05eeef79ad36e1ea2ca80260fc3a6f5ff4365e3
